{"id":5122,"date":"2026-01-27T14:22:15","date_gmt":"2026-01-27T13:22:15","guid":{"rendered":"https:\/\/larose-beauty.at\/shop\/produkt\/dexclusive-hand-cream-grape\/"},"modified":"2026-02-04T17:23:33","modified_gmt":"2026-02-04T16:23:33","slug":"dexclusive-hand-cream-grape","status":"publish","type":"product","link":"https:\/\/larose-beauty.at\/shop\/produkt\/dexclusive-hand-cream-grape\/","title":{"rendered":"D&#8217;EXCLUSIVE HAND CREAM GRAPE"},"content":{"rendered":"<p><audio class=\"audio-for-speech\"><\/audio><\/p>\n<div class=\"translate-tooltip-mtz translator-hidden\">\n<div class=\"header\">\n<div class=\"header-controls\">Translator<\/div>\n<div class=\"header-controls\"><\/div>\n<\/div>\n<div class=\"translated-text\">\n<div class=\"words\"><\/div>\n<div class=\"sentences\"><\/div>\n<\/div>\n<\/div>\n<p>&nbsp;<\/p>\n<h2 style=\"margin-top: 13px; margin-bottom: 13px;\">\ud83d\udc50 Handcreme <strong data-end=\"144\" data-start=\"135\">Grape (TRAUBE)<\/strong><\/h2>\n<h3 style=\"margin-top: 16px; margin-bottom: 16px;\" data-end=\"190\" data-start=\"146\"><span style=\"font-size: large;\">\ud83c\udf47 Fruchtige Pflege f\u00fcr samtweiche H\u00e4nde<\/span><\/h3>\n<p data-end=\"484\" data-start=\"192\">Unsere <strong data-end=\"218\" data-start=\"199\">Handcreme Grape<\/strong> pflegt die H\u00e4nde intensiv und spendet wertvolle Feuchtigkeit. Die leichte, cremige Textur zieht schnell ein und hinterl\u00e4sst kein fettiges Gef\u00fchl. Sie unterst\u00fctzt die nat\u00fcrliche Schutzbarriere der Haut und hilft, trockene und raue H\u00e4nde wieder geschmeidig zu machen.<\/p>\n<p data-end=\"721\" data-start=\"486\">Die Handcreme eignet sich ideal f\u00fcr den t\u00e4glichen Gebrauch \u2013 besonders nach dem H\u00e4ndewaschen oder bei trockener Haut. Der frische, fruchtige Duft nach saftigen Weintrauben sorgt f\u00fcr ein angenehmes Pflegeerlebnis und verw\u00f6hnt die Sinne.<\/p>\n<p data-end=\"797\" data-start=\"723\">\u2728 <strong data-end=\"738\" data-start=\"725\">Ergebnis:<\/strong> gepflegte, weiche H\u00e4nde mit einem zarten, fruchtigen Duft.<\/p>\n<p style=\"margin-bottom: 13px;\"><span style=\"line-height: normal;\"><b><span style=\"font-size: 18pt;\"><span style=\"font-family: 'Cambria','serif';\">\ud83c\udf3f<\/span><\/span><\/b><b><span style=\"font-size: 18pt;\"><span style=\"font-family: 'Times New Roman','serif';\"> Duftbeschreibung<\/span><\/span><\/b><\/span><\/p>\n<p style=\"margin-bottom: 13px;\"><span style=\"line-height: normal;\"><span style=\"font-size: 12pt;\"><span style=\"font-family: 'Times New Roman','serif';\">Fruchtiger, frischer Duft nach reifen Weintrauben \u2013 angenehm, leicht und belebend.<\/span><\/span><\/span><\/p>\n<h2 style=\"margin-top: 13px; margin-bottom: 13px;\"><span style=\"font-family: 'Cambria','serif';\">\ud83e\uddf4<\/span> Anwendung<\/h2>\n<p data-end=\"1214\" data-start=\"1102\">Eine kleine Menge auf die sauberen H\u00e4nde auftragen und sanft einmassieren. Bei Bedarf mehrmals t\u00e4glich anwenden.<\/p>\n<h2 style=\"margin-top: 13px; margin-bottom: 13px;\"><span style=\"font-family: 'Cambria','serif';\">\ud83d\udc8e<\/span> Vorteile auf einen Blick<\/h2>\n<ul>\n<li><span style=\"font-size: 12pt;\"><span style=\"color: #000000;\"><span style=\"font-family: 'Times New Roman','serif';\"><span style=\"font-style: normal;\"><span style=\"font-weight: normal;\"><span style=\"tab-stops: list 36.0pt;\">Spendet intensive Feuchtigkeit<\/span><\/span><\/span><\/span><\/span><\/span><\/li>\n<li><span style=\"font-size: 12pt;\"><span style=\"color: #000000;\"><span style=\"font-family: 'Times New Roman','serif';\"><span style=\"font-style: normal;\"><span style=\"font-weight: normal;\"><span style=\"tab-stops: list 36.0pt;\">Leichte, nicht fettende Textur<\/span><\/span><\/span><\/span><\/span><\/span><\/li>\n<li><span style=\"font-size: 12pt;\"><span style=\"color: #000000;\"><span style=\"font-family: 'Times New Roman','serif';\"><span style=\"font-style: normal;\"><span style=\"font-weight: normal;\"><span style=\"tab-stops: list 36.0pt;\">Zieht schnell ein<\/span><\/span><\/span><\/span><\/span><\/span><\/li>\n<li><span style=\"font-size: 12pt;\"><span style=\"color: #000000;\"><span style=\"font-family: 'Times New Roman','serif';\"><span style=\"font-style: normal;\"><span style=\"font-weight: normal;\"><span style=\"tab-stops: list 36.0pt;\">Angenehmer Traubenduft<\/span><\/span><\/span><\/span><\/span><\/span><\/li>\n<li><span style=\"font-size: 12pt;\"><span style=\"color: #000000;\"><span style=\"font-family: Times New Roman;\"><span style=\"font-style: normal;\"><span style=\"font-weight: normal;\"><span style=\"tab-stops: list 36.0pt;\">F\u00fcr die t\u00e4gliche Handpflege geeignet<\/span><\/span><\/span><\/span><\/span><\/span><\/li>\n<\/ul>\n","protected":false},"excerpt":{"rendered":"<p><audio class=\"audio-for-speech\"><\/audio><\/p>\n<div class=\"translate-tooltip-mtz translator-hidden\">\n<div class=\"header\">\n<div class=\"header-controls\">Translator<\/div>\n<div class=\"header-controls\"><\/div>\n<\/div>\n<div class=\"translated-text\">\n<div class=\"words\"><\/div>\n<div class=\"sentences\"><\/div>\n<\/div>\n<\/div>\n<p>&nbsp;<\/p>\n<p>Feuchtigkeitsspendende Handcreme mit Traubenduft \u2013 zieht schnell ein, pflegt intensiv und macht die H\u00e4nde sp\u00fcrbar weich.<\/p>\n","protected":false},"featured_media":5136,"comment_status":"closed","ping_status":"closed","template":"","meta":{"_monsterinsights_skip_tracking":false,"_monsterinsights_sitenote_active":false,"_monsterinsights_sitenote_note":"","_monsterinsights_sitenote_category":0,"_uf_show_specific_survey":0,"_uf_disable_surveys":false},"pwb-brand":[236],"product_brand":[],"product_cat":[147,124,560],"product_tag":[],"class_list":{"0":"post-5122","1":"product","2":"type-product","3":"status-publish","4":"has-post-thumbnail","6":"pwb-brand-arsy-cosmetics","7":"product_cat-haende","8":"product_cat-handpflegehandcremerosenkosmetikrosenoel-handcreme","9":"product_cat-narsya-beauty","10":"product_shipping_class-standard","12":"first","13":"instock","14":"taxable","15":"shipping-taxable","16":"purchasable","17":"product-type-simple"},"aioseo_notices":[],"jetpack_sharing_enabled":true,"brands":[{"id":236,"name":"ARSY Cosmetics","slug":"arsy-cosmetics"}],"_links":{"self":[{"href":"https:\/\/larose-beauty.at\/shop\/wp-json\/wp\/v2\/product\/5122","targetHints":{"allow":["GET"]}}],"collection":[{"href":"https:\/\/larose-beauty.at\/shop\/wp-json\/wp\/v2\/product"}],"about":[{"href":"https:\/\/larose-beauty.at\/shop\/wp-json\/wp\/v2\/types\/product"}],"replies":[{"embeddable":true,"href":"https:\/\/larose-beauty.at\/shop\/wp-json\/wp\/v2\/comments?post=5122"}],"wp:featuredmedia":[{"embeddable":true,"href":"https:\/\/larose-beauty.at\/shop\/wp-json\/wp\/v2\/media\/5136"}],"wp:attachment":[{"href":"https:\/\/larose-beauty.at\/shop\/wp-json\/wp\/v2\/media?parent=5122"}],"wp:term":[{"taxonomy":"pwb-brand","embeddable":true,"href":"https:\/\/larose-beauty.at\/shop\/wp-json\/wp\/v2\/pwb-brand?post=5122"},{"taxonomy":"product_brand","embeddable":true,"href":"https:\/\/larose-beauty.at\/shop\/wp-json\/wp\/v2\/product_brand?post=5122"},{"taxonomy":"product_cat","embeddable":true,"href":"https:\/\/larose-beauty.at\/shop\/wp-json\/wp\/v2\/product_cat?post=5122"},{"taxonomy":"product_tag","embeddable":true,"href":"https:\/\/larose-beauty.at\/shop\/wp-json\/wp\/v2\/product_tag?post=5122"}],"curies":[{"name":"wp","href":"https:\/\/api.w.org\/{rel}","templated":true}]}}