{"id":5121,"date":"2026-01-27T14:06:03","date_gmt":"2026-01-27T13:06:03","guid":{"rendered":"https:\/\/larose-beauty.at\/shop\/produkt\/saffron-rose-body-butter\/"},"modified":"2026-03-10T17:39:13","modified_gmt":"2026-03-10T16:39:13","slug":"saffron-rose-body-butter","status":"publish","type":"product","link":"https:\/\/larose-beauty.at\/shop\/produkt\/saffron-rose-body-butter\/","title":{"rendered":"SAFFRON &amp; ROSE BODY BUTTER"},"content":{"rendered":"<p><audio class=\"audio-for-speech\"><\/audio><\/p>\n<div class=\"translate-tooltip-mtz translator-hidden\">\n<div class=\"header\">\n<div class=\"header-controls\">Translator<\/div>\n<div class=\"header-controls\"><\/div>\n<\/div>\n<div class=\"translated-text\">\n<div class=\"words\"><\/div>\n<div class=\"sentences\"><\/div>\n<\/div>\n<\/div>\n<p>&nbsp;<\/p>\n<p style=\"margin-bottom: 13px;\"><span style=\"line-height: normal;\"><b><span style=\"font-size: 18pt;\"><span style=\"font-family: 'Cambria','serif';\">\ud83e\uddf4<\/span><\/span><\/b><b><span style=\"font-size: 18pt;\"><span style=\"font-family: 'Times New Roman','serif';\"> Body Butter Saffron &amp; Rose<\/span><\/span><\/b><\/span><\/p>\n<p style=\"margin-bottom: 13px;\"><span style=\"line-height: normal;\"><b><span style=\"font-size: 12pt;\"><span style=\"font-family: 'Times New Roman','serif';\">\ud83c\udf38 Luxuri\u00f6se K\u00f6rperpflege mit Safran &amp; Rose<\/span><\/span><\/b><\/span><\/p>\n<p style=\"margin-bottom: 13px;\"><span style=\"line-height: normal;\"><span style=\"font-size: 12pt;\"><span style=\"font-family: 'Times New Roman','serif';\">Unsere <b>Body Butter Saffron &amp; Rose<\/b> ist eine intensive Pflege f\u00fcr trockene und anspruchsvolle Haut. Die reichhaltige, cremige Textur schmilzt sanft auf der Haut und versorgt sie langanhaltend mit Feuchtigkeit. Wertvolle Inhaltsstoffe wie <b>Safran-Extrakt<\/b>, <b>Rosenwasser<\/b> und <b>Hyalurons\u00e4ure<\/b> unterst\u00fctzen die Hautregeneration und sorgen f\u00fcr ein sichtbar glatteres, geschmeidigeres Hautbild.<\/span><\/span><\/span><\/p>\n<p style=\"margin-bottom: 13px;\"><span style=\"line-height: normal;\"><span style=\"font-size: 12pt;\"><span style=\"font-family: 'Times New Roman','serif';\">Safran ist bekannt f\u00fcr seine antioxidativen Eigenschaften und verleiht der Haut ein gepflegtes, strahlendes Aussehen. Rosenwasser wirkt beruhigend und verleiht der Body Butter einen eleganten, femininen Duft. Die Formel zieht gut ein, ohne zu fetten, und hinterl\u00e4sst ein seidiges Hautgef\u00fchl.<\/span><\/span><\/span><\/p>\n<p style=\"margin-bottom: 13px;\"><span style=\"line-height: normal;\"><span style=\"font-size: 12pt;\"><span style=\"font-family: 'Times New Roman','serif';\">Ideal f\u00fcr die t\u00e4gliche Pflege \u2013 besonders nach dem Duschen oder Baden.<\/span><\/span><\/span><\/p>\n<p style=\"margin-bottom: 13px;\"><span style=\"line-height: normal;\"><span style=\"font-size: 12pt;\"><span style=\"font-family: 'Times New Roman','serif';\">\u2728 <b>Ergebnis:<\/b> intensiv gepflegte, samtweiche Haut mit einem luxuri\u00f6sen Duft.<\/span><\/span><\/span><\/p>\n<h2 style=\"margin: 0.83em 0cm;\"><span style=\"font-family: 'Cambria','serif'; mso-bidi-font-family: Cambria;\">\ud83c\udf3a<\/span> Duftbeschreibung<\/h2>\n<p data-end=\"1447\" data-start=\"1343\">Ein eleganter, warmer Duft aus feiner Rose mit einer edlen Safran-Note \u2013 sinnlich, feminin und luxuri\u00f6s.<\/p>\n<h2 style=\"margin: 0.83em 0cm;\"><span style=\"font-family: 'Cambria','serif'; mso-bidi-font-family: Cambria;\">\ud83e\uddf4<\/span> Anwendung<\/h2>\n<p data-end=\"1648\" data-start=\"1471\">Eine kleine Menge Body Butter auf die gereinigte Haut auftragen und sanft einmassieren.<br data-end=\"1561\" data-start=\"1558\" \/>Ideal f\u00fcr die t\u00e4gliche K\u00f6rperpflege oder als intensive Pflege f\u00fcr trockene Hautstellen.<\/p>\n<h2 style=\"margin: 0.83em 0cm;\"><span style=\"font-family: 'Cambria','serif'; mso-bidi-font-family: Cambria;\">\ud83d\udc8e<\/span> Vorteile auf einen Blick<\/h2>\n<ul style=\"list-style-type: disc; direction: ltr;\">\n<li style=\"color: #000000; font-family: 'Times New Roman','serif'; font-size: 12pt; font-style: normal; font-weight: normal;\">\n<p style=\"color: #000000; font-family: 'Times New Roman','serif'; font-size: 12pt; font-style: normal; font-weight: normal; mso-list: l0 level1 lfo1; tab-stops: list 36.0pt;\" data-end=\"1720\" data-start=\"1689\">Intensive Feuchtigkeitspflege<\/p>\n<\/li>\n<li style=\"color: #000000; font-family: 'Times New Roman','serif'; font-size: 12pt; font-style: normal; font-weight: normal;\">\n<p style=\"color: #000000; font-family: 'Times New Roman','serif'; font-size: 12pt; font-style: normal; font-weight: normal; mso-list: l0 level1 lfo1; tab-stops: list 36.0pt;\" data-end=\"1753\" data-start=\"1723\">Reichhaltige, cremige Textur<\/p>\n<\/li>\n<li style=\"color: #000000; font-family: 'Times New Roman','serif'; font-size: 12pt; font-style: normal; font-weight: normal;\">\n<p style=\"color: #000000; font-family: 'Times New Roman','serif'; font-size: 12pt; font-style: normal; font-weight: normal; mso-list: l0 level1 lfo1; tab-stops: list 36.0pt;\" data-end=\"1791\" data-start=\"1756\">Zieht schnell ein, ohne zu fetten<\/p>\n<\/li>\n<li style=\"color: #000000; font-family: 'Times New Roman','serif'; font-size: 12pt; font-style: normal; font-weight: normal;\">\n<p style=\"color: #000000; font-family: 'Times New Roman','serif'; font-size: 12pt; font-style: normal; font-weight: normal; mso-list: l0 level1 lfo1; tab-stops: list 36.0pt;\" data-end=\"1828\" data-start=\"1794\">Mit Safran-Extrakt &amp; Rosenwasser<\/p>\n<\/li>\n<li style=\"color: #000000; font-family: 'Times New Roman','serif'; font-size: 12pt; font-style: normal; font-weight: normal;\">\n<p style=\"color: #000000; font-family: 'Times New Roman','serif'; font-size: 12pt; font-style: normal; font-weight: normal; mso-list: l0 level1 lfo1; tab-stops: list 36.0pt;\" data-end=\"1850\" data-start=\"1831\">Mit Hyalurons\u00e4ure<\/p>\n<\/li>\n<li style=\"color: #000000; font-family: 'Times New Roman','serif'; font-size: 12pt; font-style: normal; font-weight: normal;\">\n<p style=\"color: #000000; font-family: 'Times New Roman','serif'; font-size: 12pt; font-style: normal; font-weight: normal; mso-list: l0 level1 lfo1; tab-stops: list 36.0pt;\" data-end=\"1891\" data-start=\"1853\">F\u00fcr trockene &amp; normale Haut geeignet<\/p>\n<\/li>\n<li style=\"color: #000000; font-family: Times New Roman; font-size: 12pt; font-style: normal; font-weight: normal;\">\n<p style=\"color: #000000; font-family: 'Times New Roman','serif'; font-size: 12pt; font-style: normal; font-weight: normal; mso-list: l0 level1 lfo1; tab-stops: list 36.0pt;\" data-end=\"1928\" data-start=\"1894\">Ideal f\u00fcr die t\u00e4gliche Anwendung<\/p>\n<\/li>\n<\/ul>\n","protected":false},"excerpt":{"rendered":"<p><audio class=\"audio-for-speech\"><\/audio><\/p>\n<div class=\"translate-tooltip-mtz translator-hidden\">\n<div class=\"header\">\n<div class=\"header-controls\">Translator<\/div>\n<div class=\"header-controls\"><\/div>\n<\/div>\n<div class=\"translated-text\">\n<div class=\"words\"><\/div>\n<div class=\"sentences\"><\/div>\n<\/div>\n<\/div>\n<p>&nbsp;<\/p>\n<p>Reichhaltige Body Butter mit Safran &amp; Rose f\u00fcr intensive Feuchtigkeit, geschmeidige Haut und ein luxuri\u00f6ses Pflegegef\u00fchl.<\/p>\n","protected":false},"featured_media":5135,"comment_status":"closed","ping_status":"closed","template":"","meta":{"_monsterinsights_skip_tracking":false,"_monsterinsights_sitenote_active":false,"_monsterinsights_sitenote_note":"","_monsterinsights_sitenote_category":0,"_uf_show_specific_survey":0,"_uf_disable_surveys":false},"pwb-brand":[236],"product_brand":[],"product_cat":[145,127,138],"product_tag":[],"class_list":{"0":"post-5121","1":"product","2":"type-product","3":"status-publish","4":"has-post-thumbnail","6":"pwb-brand-arsy-cosmetics","7":"product_cat-koerper","8":"product_cat-koerper-butter","9":"product_cat-rosa-uniqa-rosesaffron","10":"product_shipping_class-standard","12":"first","13":"instock","14":"taxable","15":"shipping-taxable","16":"purchasable","17":"product-type-simple"},"aioseo_notices":[],"jetpack_sharing_enabled":true,"brands":[{"id":236,"name":"ARSY Cosmetics","slug":"arsy-cosmetics"}],"_links":{"self":[{"href":"https:\/\/larose-beauty.at\/shop\/wp-json\/wp\/v2\/product\/5121","targetHints":{"allow":["GET"]}}],"collection":[{"href":"https:\/\/larose-beauty.at\/shop\/wp-json\/wp\/v2\/product"}],"about":[{"href":"https:\/\/larose-beauty.at\/shop\/wp-json\/wp\/v2\/types\/product"}],"replies":[{"embeddable":true,"href":"https:\/\/larose-beauty.at\/shop\/wp-json\/wp\/v2\/comments?post=5121"}],"wp:featuredmedia":[{"embeddable":true,"href":"https:\/\/larose-beauty.at\/shop\/wp-json\/wp\/v2\/media\/5135"}],"wp:attachment":[{"href":"https:\/\/larose-beauty.at\/shop\/wp-json\/wp\/v2\/media?parent=5121"}],"wp:term":[{"taxonomy":"pwb-brand","embeddable":true,"href":"https:\/\/larose-beauty.at\/shop\/wp-json\/wp\/v2\/pwb-brand?post=5121"},{"taxonomy":"product_brand","embeddable":true,"href":"https:\/\/larose-beauty.at\/shop\/wp-json\/wp\/v2\/product_brand?post=5121"},{"taxonomy":"product_cat","embeddable":true,"href":"https:\/\/larose-beauty.at\/shop\/wp-json\/wp\/v2\/product_cat?post=5121"},{"taxonomy":"product_tag","embeddable":true,"href":"https:\/\/larose-beauty.at\/shop\/wp-json\/wp\/v2\/product_tag?post=5121"}],"curies":[{"name":"wp","href":"https:\/\/api.w.org\/{rel}","templated":true}]}}