{"id":4301,"date":"2025-03-09T17:09:32","date_gmt":"2025-03-09T16:09:32","guid":{"rendered":"https:\/\/larose-beauty.at\/shop\/produkt\/eau-de-parfuem-zag-zodiak-415-ow\/"},"modified":"2025-04-13T15:31:10","modified_gmt":"2025-04-13T13:31:10","slug":"eau-de-parfuem-zag-zodiak-415-ow","status":"publish","type":"product","link":"https:\/\/larose-beauty.at\/shop\/produkt\/eau-de-parfuem-zag-zodiak-415-ow\/","title":{"rendered":"Eau de Parf\u00fcm ZAG Zodiak 415 OW"},"content":{"rendered":"<p><span style=\"font-size: 12pt;\"><span style=\"line-height: 115%;\"><span style=\"font-family: 'Times New Roman','serif';\">Das Zag 415 OW Unisex -Parf\u00fcm ist eine echte Ode an Baum -Raffinesse f\u00fcr diejenigen, die nach einem mutigen und unverwechselbaren Aroma suchen. <\/span><\/span><\/span><\/p>\n<p><span style=\"font-size: 12pt;\"><span style=\"line-height: 115%;\"><span style=\"font-family: 'Times New Roman','serif';\">Die Kopf Noten tauchen uns in die warme und tiefe Welt des Sandelholzes ein, die von dem exotischen rosewood und dem reichen Agarwood angereichert sind. Diese Kombination schafft ein Gef\u00fchl von Mystik und Luxus mit einer ausgepr\u00e4gten Baumintensit\u00e4t, die sowohl beruhigend als auch sehr pr\u00e4sent ist. Die mittleren Noten bringen einen w\u00fcrzigen Akzent mit der Zugabe von Sechuan Pepper, das ein leicht s\u00e4uerliches und w\u00fcrziges Gef\u00fchl verleiht. Die Vanille macht diese Sch\u00e4rfe mit ihrer cremigen S\u00fc\u00dfe weich, und das Kardamom verleiht eine feine, Gew\u00fcrzfrische, die der Komposition Leben und Energie ein\u00e4tzt. <\/span><\/span><\/span><\/p>\n<p><span style=\"font-size: 12pt;\"><span style=\"line-height: 115%;\"><span style=\"font-family: 'Times New Roman','serif';\">Die Basisnoten beenden das Aroma mit einer anspruchsvollen Tiefe. Der Bernstein sorgt f\u00fcr W\u00e4rme und Sinnlichkeit, w\u00e4hrend der Tonka s\u00fc\u00dfe zuf\u00fcgt. Der Vetiver bringt einen irdischen und leicht rauchigen Akzent mit, der das Aroma Stabilit\u00e4t und Haltbarkeit verleiht und ein langlebiges und ges\u00e4ttigtes Finish hinterl\u00e4sst. <\/span><\/span><\/span><\/p>\n<p><span style=\"font-size: 12pt;\"><span style=\"line-height: 115%;\"><span style=\"font-family: 'Times New Roman','serif';\">Dieses Parf\u00fcm ist perfekt f\u00fcr Diejenigen, die einen starken und unvergesslichen Eindruck hinterlassen m\u00f6chten &#8211; eine Mischung aus holzigen, w\u00fcrzigen und s\u00fc\u00dfen Akkorden, die sich in einer einzigartigen und harmonischen Komposition verflechten. Laut vielen unserer Kunden erinnert dieses Parf\u00fcm in aromatischen Eigenschaften und <\/span><\/span><\/span><\/p>\n<p><span style=\"font-size: 12pt;\"><span style=\"line-height: 115%;\"><span style=\"font-family: 'Times New Roman','serif';\">Qualit\u00e4t sie an OUD WOOD von Tom Ford.<\/span><\/span><\/span><\/p>\n<p><span style=\"font-size: 12pt;\"><span style=\"line-height: 115%;\"><span style=\"font-family: 'Times New Roman','serif';\">Kopfnote: \u00a0Sandelholz, rosewood, Agarwood<\/span><\/span><\/span><\/p>\n<p><span style=\"font-size: 12pt;\"><span style=\"line-height: 115%;\"><span style=\"font-family: 'Times New Roman','serif';\">Herznoten: Sechuan Pepper, Vanille, Kardamom<\/span><\/span><\/span><\/p>\n<p><span style=\"font-size: 12pt;\"><span style=\"line-height: 115%;\"><span style=\"font-family: 'Times New Roman','serif';\">Basis: Bernstein, Tonka, Vetiver<\/span><\/span><\/span><\/p>\n<p><span style=\"font-size: 12pt;\"><span style=\"line-height: 115%;\"><span style=\"font-family: 'Times New Roman','serif';\">50 ml<\/span><\/span><\/span><\/p>\n<p><span style=\"font-size: 12pt;\"><span style=\"line-height: 115%;\"><span style=\"font-family: 'Times New Roman','serif';\">\/INCI\/: Alkohol Denat. ; Duft; Aqua; Linalool; Hydroxycitronellal; Coumarin; Benzyl Benzoate; Farnesol; Limonen<\/span><\/span><\/span><\/p>\n","protected":false},"excerpt":{"rendered":"<p><span style=\"font-size: 12pt;\"><span style=\"line-height: 115%;\">Das Zag 415 OW Unisex &#8211; <span style=\"font-size: 12pt;\"><span style=\"line-height: 115%;\">Dieses Parf\u00fcm ist perfekt f\u00fcr Diejenigen, die einen starken und unvergesslichen Eindruck hinterlassen m\u00f6chten. Laut vielen unserer Kunden erinnert dieses Parf\u00fcm in aromatischen Eigenschaften und <span style=\"font-size: 12pt;\"><span style=\"line-height: 115%;\">Qualit\u00e4t sie an OUD WOOD von Tom Ford.<\/span><\/span><\/span><\/span><\/span><\/span><br \/>\n<span style=\"font-size: 12pt;\"><span style=\"line-height: 115%;\">Kopfnote: \u00a0Sandelholz, rosewood, Agarwood<\/span><\/span><\/p>\n<p><span style=\"font-size: 12pt;\"><span style=\"line-height: 115%;\">Herznoten: Sechuan Pepper, Vanille, Kardamom<\/span><\/span><\/p>\n<p><span style=\"font-size: 12pt;\"><span style=\"line-height: 115%;\">Basis: Bernstein, Tonka, Vetiver<\/span><\/span><\/p>\n<p>&nbsp;<\/p>\n","protected":false},"featured_media":4326,"comment_status":"open","ping_status":"closed","template":"","meta":{"_monsterinsights_skip_tracking":false,"_monsterinsights_sitenote_active":false,"_monsterinsights_sitenote_note":"","_monsterinsights_sitenote_category":0,"_uf_show_specific_survey":0,"_uf_disable_surveys":false},"pwb-brand":[438],"product_brand":[],"product_cat":[435],"product_tag":[],"class_list":{"0":"post-4301","1":"product","2":"type-product","3":"status-publish","4":"has-post-thumbnail","6":"pwb-brand-zag-zodiak","7":"product_cat-zag-trendy","8":"product_shipping_class-standard","10":"first","11":"instock","12":"taxable","13":"shipping-taxable","14":"purchasable","15":"product-type-simple"},"aioseo_notices":[],"jetpack_sharing_enabled":true,"brands":[{"id":438,"name":"ZAG ZODIAK","slug":"zag-zodiak"}],"_links":{"self":[{"href":"https:\/\/larose-beauty.at\/shop\/wp-json\/wp\/v2\/product\/4301","targetHints":{"allow":["GET"]}}],"collection":[{"href":"https:\/\/larose-beauty.at\/shop\/wp-json\/wp\/v2\/product"}],"about":[{"href":"https:\/\/larose-beauty.at\/shop\/wp-json\/wp\/v2\/types\/product"}],"replies":[{"embeddable":true,"href":"https:\/\/larose-beauty.at\/shop\/wp-json\/wp\/v2\/comments?post=4301"}],"wp:featuredmedia":[{"embeddable":true,"href":"https:\/\/larose-beauty.at\/shop\/wp-json\/wp\/v2\/media\/4326"}],"wp:attachment":[{"href":"https:\/\/larose-beauty.at\/shop\/wp-json\/wp\/v2\/media?parent=4301"}],"wp:term":[{"taxonomy":"pwb-brand","embeddable":true,"href":"https:\/\/larose-beauty.at\/shop\/wp-json\/wp\/v2\/pwb-brand?post=4301"},{"taxonomy":"product_brand","embeddable":true,"href":"https:\/\/larose-beauty.at\/shop\/wp-json\/wp\/v2\/product_brand?post=4301"},{"taxonomy":"product_cat","embeddable":true,"href":"https:\/\/larose-beauty.at\/shop\/wp-json\/wp\/v2\/product_cat?post=4301"},{"taxonomy":"product_tag","embeddable":true,"href":"https:\/\/larose-beauty.at\/shop\/wp-json\/wp\/v2\/product_tag?post=4301"}],"curies":[{"name":"wp","href":"https:\/\/api.w.org\/{rel}","templated":true}]}}