{"id":424,"date":"2013-01-14T00:00:00","date_gmt":"2013-01-13T23:00:00","guid":{"rendered":"https:\/\/larose-beauty.at\/shop\/produkt\/refan-duft-follow-me-eau-de-parfum-femme-113\/"},"modified":"2025-06-08T23:13:25","modified_gmt":"2025-06-08T21:13:25","slug":"eau-de-parfum-113-inspiriert-von-casmir-100-ml","status":"publish","type":"product","link":"https:\/\/larose-beauty.at\/shop\/produkt\/eau-de-parfum-113-inspiriert-von-casmir-100-ml\/","title":{"rendered":"Eau de Parfum 113 Inspiriert von Casmir 100 ml"},"content":{"rendered":"<p>Duftkollektion &#8220;FOLLOW ME&#8221;-REFAN Duft FOLOW ME Eau de Parf\u00fcm\u00a0 femme 113<br \/>\nDamenduft mit einem orientalischen Duftcharakter. Duftnoten, die von fruchtig-s\u00fc\u00df, \u00fcber zart-blumig, bis hin zu<br \/>\nw\u00fcrzig-herb reichen und in dessen Mitte ein weiches Vanillearoma steht.<\/p>\n<p><strong><em>Duftnote:<\/em><\/strong> Orientalisch, Vanille<\/p>\n<p><strong>Kopfnote:<\/strong> Pfirsich, Himbeere, Bergamotte<br \/>\n<strong>Herz-note:<\/strong> Jasmin, Nelken, Zimt<br \/>\n<strong>Basisnote:<\/strong> Amber, Vanille, Tonkabohne<\/p>\n<p>Duftkreation und Essenzmischung mit dem gleichen Haupt-Inhaltsstoffen\u00a0 in der Duftrichtung von<\/p>\n<p><strong>Ohne Verpackung:<\/strong><br \/>\n100 ml REFAN Parfum Flakon<\/p>\n","protected":false},"excerpt":{"rendered":"<p>Damenduft mit einem orientalischen Duftcharakter. Duftnoten, die von fruchtig-s\u00fc\u00df, \u00fcber zart-blumig, bis hin zu w\u00fcrzig-herb reichen und in dessen Mitte ein weiches Vanillearoma steht. <strong><em>Duftnote:<\/em><\/strong> Orientalisch, Vanille<\/p>\n","protected":false},"featured_media":2601,"comment_status":"closed","ping_status":"closed","template":"","meta":{"_monsterinsights_skip_tracking":false,"_monsterinsights_sitenote_active":false,"_monsterinsights_sitenote_note":"","_monsterinsights_sitenote_category":0,"_uf_show_specific_survey":0,"_uf_disable_surveys":false},"pwb-brand":[235],"product_brand":[],"product_cat":[45,177,441],"product_tag":[],"class_list":{"0":"post-424","1":"product","2":"type-product","3":"status-publish","4":"has-post-thumbnail","6":"pwb-brand-refan","7":"product_cat-angebote-sailausverkaufmuttertaggeschenke","8":"product_cat-damen-duefte-duefte","9":"product_cat-damen-duftzwillinge","10":"product_shipping_class-standard","12":"first","13":"instock","14":"taxable","15":"shipping-taxable","16":"purchasable","17":"product-type-simple"},"aioseo_notices":[],"jetpack_sharing_enabled":true,"brands":[{"id":235,"name":"REFAN","slug":"refan"}],"_links":{"self":[{"href":"https:\/\/larose-beauty.at\/shop\/wp-json\/wp\/v2\/product\/424","targetHints":{"allow":["GET"]}}],"collection":[{"href":"https:\/\/larose-beauty.at\/shop\/wp-json\/wp\/v2\/product"}],"about":[{"href":"https:\/\/larose-beauty.at\/shop\/wp-json\/wp\/v2\/types\/product"}],"replies":[{"embeddable":true,"href":"https:\/\/larose-beauty.at\/shop\/wp-json\/wp\/v2\/comments?post=424"}],"wp:featuredmedia":[{"embeddable":true,"href":"https:\/\/larose-beauty.at\/shop\/wp-json\/wp\/v2\/media\/2601"}],"wp:attachment":[{"href":"https:\/\/larose-beauty.at\/shop\/wp-json\/wp\/v2\/media?parent=424"}],"wp:term":[{"taxonomy":"pwb-brand","embeddable":true,"href":"https:\/\/larose-beauty.at\/shop\/wp-json\/wp\/v2\/pwb-brand?post=424"},{"taxonomy":"product_brand","embeddable":true,"href":"https:\/\/larose-beauty.at\/shop\/wp-json\/wp\/v2\/product_brand?post=424"},{"taxonomy":"product_cat","embeddable":true,"href":"https:\/\/larose-beauty.at\/shop\/wp-json\/wp\/v2\/product_cat?post=424"},{"taxonomy":"product_tag","embeddable":true,"href":"https:\/\/larose-beauty.at\/shop\/wp-json\/wp\/v2\/product_tag?post=424"}],"curies":[{"name":"wp","href":"https:\/\/api.w.org\/{rel}","templated":true}]}}